be the second derivative of -f**3/3 - 7*f**2/2 + 1313*f + 1. Let k = 3 + -8. Determine t(k).
3
Let m(t) = -5*t + 7*t + t. Let g(s) be the second derivative of -5*s**3/6 - 28*s**2 + 44*s. Let v be g(-11). Calculate m(v).
-3
Let w be 8*18/(-24) + 2. Let s(l) be the first derivative of l**4/4 + 4*l**3/3 + 7*l**2/2 + 6*l - 2. What is s(w)?
-22
Let i(u) = -8*u**2 - 4 + u - 7*u - u**3 + 3*u**2. Let p(g) = 10*g - 110. Let v be p(0). Let b = v - -106. Calculate i(b).
4
Suppose 139*c - 74*c - 79*c + 546 = 0. Let j(w) = -w**2 + 42*w - 113. Calculate j(c).
4
Let y(o) = 8*o - 20. Suppose 21*i - 22*i + 3 = 0. Let w be y(i). Let s(g) = -1 - 4*g**2 - 2*g + 5*g**2 + w*g. Calculate s(1).
2
Let z(j) = -j**2 - 2*j + 7. Let l(k) = k**2 - 13*k + 17. Let v be l(13). Suppose 0 = 15*u - v*u - 6. What is z(u)?
4
Let x(g) = -2*g**2 - 7*g - 5. Let t(j) = -20*j - 65. Let i = -635 - -632. Let v be t(i). Determine x(v).
-20
Let p = -201 - -196. Let c(y) = -4*y + 1. Let i(b) = 3*b. Let o(t) = p*c(t) - 6*i(t). Give o(7).
9
Let h(l) = 33*l - 126547*l**2 - 46*l + l**3 + 126551*l**2 - 3. Give h(-6).
3
Let d(b) be the first derivative of -2*b**2 - 8*b - 2. Suppose -2*p = 4*n + 531 - 9, -5*n - 15 = 0. Let m = 249 + p. Calculate d(m).
16
Let k(p) = -2*p + 1. Let d be (-26)/8*(-3 + -4 - -3). Let z(w) = -w**3 + 14*w**2 - 13*w - 1. Let h be z(d). Let m = 2 - h. Determine k(m).
-5
Let n(g) = -g**2 + 6*g - 6. Suppose 2*w + 2*s - 5 = 7, -4*s = 5*w - 27. Suppose -w*a = 15*a - 108. Determine n(a).
-6
Let g(s) = -s**3 - 6*s**2 + 5*s + 4. Let q(o) = -o**3 - 5*o**2 + 5*o + 3. Let u(c) = -2*g(c) + 3*q(c). What is u(-4)?
-3
Let h(t) = t - 27. Suppose 7*f + g - 27 = 11*f, -3*f - 4*g = 44. What is h(f)?
-35
Suppose -4*l - 12*l = 506 - 602. Let i(z) = -z**3 - z**2 + 11*z - 2. Let g(c) = c**2 - c + 1. Let q(r) = 5*g(r) + i(r). Calculate q(l).
-33
Let v = 83 - 84. Let y be -4*(v - (-2)/1). Let m(a) = -a**3 - 5*a**2 - 3*a - 3. Calculate m(y).
-7
Suppose -17 = -6*z - 89. Let d be (-28)/6*z*(-5)/(-70). Let j(m) = -m**3 + 4*m**2 + 3*m + 2. Calculate j(d).
14
Suppose 3*z + 1 = -2, -2*z = -3*l + 2. Suppose 22*k - 17*k + 25 = l. Let f(x) = -5*x - 28 + x**2 + 35 - 3*x**2. Determine f(k).
-18
Let s(p) be the second derivative of -3*p**3 - 2*p**2 - 131*p. Let i(f) = 18*f + 5. Let k(v) = 4*i(v) + 5*s(v). Give k(1).
-18
Let b = 0 + -1. Let v(y) = 41*y**3 + 2*y**2 - 2*y - 3. Let m(g) = 39*g**3 + 2*g**2 - 2*g - 3. Let u(l) = 22*m(l) - 21*v(l). Determine u(b).
4
Let m(i) = -9*i. Let y(o) = -50*o - 1. Let h(d) = 8*m(d) - y(d). Calculate h(1).
-21
Suppose -2*g - x = -6, 3*g + 4*x + x = 16. Let o(c) = 4*c**2 + c - c + c**2 - 3*c**2 + 1 - g*c. Give o(2).
5
Let q(r) = -202*r - 1409. Let p(w) = 151*w + 1064. Let o(x) = -9*p(x) - 7*q(x). What is o(-5)?
12
Let s(z) be the third derivative of z**6/120 - 11*z**5/30 - 5*z**4/6 + 13*z**3/6 + 7391*z**2. Calculate s(23).
82
Let o(n) be the second derivative of 7/2*n**2 + 1/6*n**3 + 3*n - 64. Suppose 4*k - 4*b = -16, -k + 4*b - 4 = k. What is o(k)?
1
Let z(x) = -5*x**3 + 14*x**2 + 3. Let t(g) = -3*g**3 + 8*g**2 + 1. Let s(c) = c - 6. Let u be s(-1). Let j(y) = u*t(y) + 4*z(y). What is j(0)?
5
Let t(r) = -4*r**2 - r. Suppose -2*d + 15 = d, -d - 10 = -5*q. Suppose -3 = q*l - 6*l. Suppose 4 = 4*a - 2*g, l = -2*a + 3*a - g. Calculate t(a).
-5
Suppose 67*y + 5 = 66*y. Let j = 11 + y. Let d(z) be the third derivative of -z**5/60 + z**4/3 + z**3/6 - 22*z**2. Determine d(j).
13
Let z(b) be the second derivative of -b**3/6 + 9*b**2 + 14*b. Give z(-22).
40
Suppose 5*s = 2*f - 24, 11 = 3*f - 4*s - 18. Suppose 0 = -4*b - 12, -3*b - 10 = -2*g + f. Let w(l) = -l**3 + 3*l**2 + 4*l + 2. Calculate w(g).
2
Suppose 2*c = 3*o + 9, 3*c + o + 4 = 2*o. Let k be 3*-2*c/(-6). Let w(f) be the second derivative of -f**3/6 + 3*f**2/2 + 1785*f. Calculate w(k).
6
Let q(v) = -v + 34. Let a = -2362 + 2388. Determine q(a).
8
Let s = -21 + 25. Suppose -s*y + 4*a + 16 = 0, 0*y - 2*y - 20 = 5*a. Let u(c) be the third derivative of -c**4/24 + 5*c**3/2 - 1213*c**2. What is u(y)?
15
Let y be 34/10 + -6 + (-112)/(-20). Suppose 2*m + 2*m + 280 = 5*o, y*o = -3*m + 195. Let b(u) = -30 - u - u**2 - 29 + o. Calculate b(2).
-5
Let o(u) = 6*u**2 + 5*u - 7. Suppose d + 11 = 3*z, -3*z = -7*z + 5*d + 11. Let k(s) = -5*s**2 - 5*s + 5. Let w(j) = z*o(j) + 5*k(j). Give w(-4).
1
Let t = 145 - 141. Let w(z) = -4*z - 2. Let g(h) = -42*h + 5*h**2 + 41*h - h**2 - 3*h**2. Let j(i) = -g(i) - w(i). Give j(t).
6
Suppose 9*b + 8*b + 102 = 0. Suppose 4*j = 4*o - 8, o - 5*j = -0*o - 2. Let d(g) = -1 - g**o - 6*g**2 + 3*g + 0*g**3 + g**2. Calculate d(b).
17
Let t(i) = i**3 + 3*i**2 + 344*i + 1776. Let r be t(-5). Let y(f) = 4*f**2 + f**3 + f + 9*f - 11*f**2 - 7. What is y(r)?
17
Let y(u) be the third derivative of -u**4/8 - 5*u**3/6 - 835*u**2. Suppose 2*z + 13 = 3. Give y(z).
10
Let p = 39 + -37. Let d be 12/(-4)*(p + 11/(-3)). Suppose c + o + 2 = 0, 3*o - 8*o = -d. Let q(l) = -l**3 - 4*l**2 - 2*l + 4. Determine q(c).
1
Let h(q) = q**2 - 3*q + 1. Let k(d) = d - 11. Let i(u) be the second derivative of -u**2/2 - 6*u. Let n(z) = 4*i(z) - k(z). Let p be n(4). Determine h(p).
1
Let k(o) = 1159 - 719 - 463 - 12*o. Determine k(-1).
-11
Let t(p) = -15*p + 133. Let u be t(9). Let k be 1/((-5 + u)/(-21)). Let h(z) = z**2 - 3*z - 2. Give h(k).
-2
Let z(g) = g**2 + g + 1. Let d = -104 - -181. Let c = d + -74. Suppose 2*f - c*f = 11*f. Calculate z(f).
1
Let o = -15 + 27. Suppose 4*k - 4*s = -o, -2*s = k - 6*s - 6. Let i be ((-6 - -9) + -2)*k/1. Let b(d) = -d - 8. Determine b(i).
-2
Let j(p) = -2*p + 371 + 19*p - 335. Calculate j(-3).
-15
Let r(u) = 11 - 10 - 7*u**2 + 14*u**2 - 5*u**2 + 0*u**2 - 4*u**2 - 2*u. Suppose y + 4 = 5*q, -3*y - 3 = -6*y. Calculate r(q).
-3
Let j = 4250 + -4249. Let a(b) = 3*b**2 + b - 2. What is a(j)?
2
Let v = 536 - 470. Let t(h) = -21*h - 19*h - 4 - 23*h + v*h. Give t(4).
8
Let n be 7/(21/18) + -3*1. Let c be 1/(1/n) + 2. Let f(w) = -7*w + 9 - c + 4*w. What is f(-3)?
13
Let y be 12/(-10) - ((-817)/860 - 3/(-4)). Let l(f) = 38*f + 24. Calculate l(y).
-14
Let m(j) = -34*j - 583. Let h be m(-17). Let s(w) = w**3 + 3*w**2 + 6*w + 3. Determine s(h).
-77
Let y(i) = i**2 + 34*i - 61. Let r = 26136 + -26172. Calculate y(r).
11
Let h be (1 - 0) + (39 - 45). Let t(p) = 4*p - 8. What is t(h)?
-28
Let v(a) = 2*a**2 + 3*a + 14. Let y(b) be the second derivative of -b**4/12 - b**3/3 - 4*b**2 + 100*b. Let x(s) = -6*v(s) - 11*y(s). Calculate x(-3).
-17
Let s(h) be the first derivative of -4*h**3/3 + h**2 + 3*h - 35. Let k(w) = 2*w + 14. Let m be k(-6). Suppose -4*g - 3 = x, -g + m*x - 3 = 9. Calculate s(g).
-17
Let s(w) be the second derivative of -w**4/24 - 37*w**3/6 - 24*w**2 + 2*w + 35. Let c(x) be the first derivative of s(x). Determine c(0).
-37
Let b(q) = 3*q - 2. Let p(d) = -9*d - 211. Let x be p(-23). Let v be 3 + (6/(-9))/(x/(-30)). What is b(v)?
-8
Suppose -60 = 2*p + 4*p. Let b be p*(4 - (-21)/(-6)). Let v(g) = -46 + 20 - 4*g - g**2 + 21. Give v(b).
-10
Let a(b) = -b**2 - 17*b - 17. Let n be a(-12). Let j = n + -28. Suppose -5*f = -j - 5. Let r(s) = -s**3 + 5*s**2 - 5*s + 2. Calculate r(f).
-2
Let j(x) = x**2 + 8*x. Let h = 96 + -76. Suppose 4*w - 20 = 3*u, w - 3*w + h = -4*u. Suppose -w*f + 22 = 38. What is j(f)?
0
Let n(a) be the second derivative of -3*a**4/4 - 9*a**3/2 - 5*a**2 - 419*a + 1. Determine n(-4).
-46
Let s(l) = -16*l**3 - 49*l**2 - 24*l + 21. Let x(z) = 7*z**3 + 23*z**2 + 12*z - 11. Let g(u) = 3*s(u) + 7*x(u). Determine g(-13).
-1
Let f(n) = -5 + 3 + n - 9 + 10 - 2. Let p be 6*(-1)/(-2) - -3. Let u(d) = d**3 - 5*d**2 - 5*d - 1. Let q be u(p). Give f(q).
2
Suppose 41*o - 56*o + 15 = 0. Let l(a) be the second derivative of a**3 - a**2/2 + 26*a. Give l(o).
5
Let t be (-1)/(-6) - (-44)/24. Suppose -23 = -3*j - t*o + 10, 43 = 4*j + 3*o. Let u(q) = 11*q + 0 - 12*q + 0 - j*q**3 + 2*q**2. Calculate u(1).
-12
Let z(n) = n**3 - 9*n - 25. Let j be z(4). Let u be (7/1 + -12)*j. Let m(h) = h**2 + 14*h + 2. Calculate m(u).
17
Suppose -167*c - 241 = 107*c - 1063. Let w(k) = -3 + 2 + 0*k**2 + 3*k**2. Calculate w(c).
26
Suppose 833 = 6*z - 151. Let u = z - 168. Let b(f) = -f**2 - 3*f. Calculate b(u).
-4
Let j(k) = 2*k**2 - 4*k + 45. Let p = -11388 + 11388. Determine j(p).
45
Suppose 2*c - 4*c = -11*c + 54. Let j(i) = i**3 - 7*i*